)*0. What is a(n)?
-19
Suppose -16 = -k + 2*b, -1 = -b - 2. Let o(i) = -i + 5*i**2 - 3 + 15*i**3 - 3*i - k*i**3. Determine o(-5).
17
Suppose -6 = -2*w - v, 5*v = -5*w - 10 + 30. Let z(l) = l**2 + 1 + 0*l**2 + 0*l**2. Let y(r) = -2*r**2 - r. Let f(b) = 2*y(b) + 3*z(b). What is f(w)?
-5
Let a(x) = 7*x**3 - x**2 + x - 1. Let g be a(1). Suppose -3*y = 2*y + o - 29, -y - o = -9. Let v(b) = -y - 3*b + b + g. Give v(-2).
5
Let g = -2 - -7. Let k(b) = -b**3 + 4*b**2 + 3*b - 4. Determine k(g).
-14
Let c = -9 + 14. Let j(i) = -i + 7. Let w be j(c). Let g(m) = 4*m**2 - 2 + m**3 + 2*m - 8*m**w + 3*m. Determine g(3).
4
Suppose -2*g - 8 = -6*g. Let p be 10/g - (-2)/(-1). Let n(i) = -3 - i + i**3 - p + 0. What is n(0)?
-6
Let t(c) be the first derivative of -c**2/2 - 5*c + 13. Give t(-6).
1
Suppose 20 = -4*o + n, o + 0*o + 4*n - 12 = 0. Let s(b) = 3*b + 3. Let g(r) = -8*r - 6. Let y(f) = -2*g(f) - 5*s(f). Calculate y(o).
-7
Let p(f) = -3*f**3 - f + 1. Let x be (-2)/8 + 111/12. Let t = 14 - x. Suppose -5 = -0*h - t*h. Give p(h).
-3
Suppose -4*x - 43 = -5*d + 18, -3 = 2*x + 3*d. Let c(v) = v**2 + 10*v + 3. Determine c(x).
-6
Suppose 0 = -2*l - 2*l - 4. Suppose 0 = -4*k + 8. Let u = l + k. Let q(g) = 4*g**2 + 2*g - 1. Calculate q(u).
5
Let z(q) = -q**2 + 4*q + 4. Let b be z(5). Let x = -4 + b. Let d = x + 2. Let g(a) = -2*a + 1. Give g(d).
7
Suppose 5*b + 45 = -s, b = -s + 6*s - 9. Let y = -7 - b. Let h(i) = -5*i - 5 - 6*i**3 - 5*i**y + 1 + 5*i**3 + 0. Give h(-4).
0
Let x = -4 - 5. Let n = x + 10. Let d(i) = 5*i**2 + i + 1. Let r(g) = 26*g**2 + 5*g + 6. Let u(p) = 11*d(p) - 2*r(p). Give u(n).
3
Let b = 13 - 15. Let t(x) = 2*x**3 + 2. What is t(b)?
-14
Let p be ((-3)/(-9))/((-1)/(-6)). Let q = p + 2. Let w(t) = t. Calculate w(q).
4
Let k = 6 + -4. Let w be k + 0 + 0 + 1. Let v(s) = s - 1. Give v(w).
2
Let c(d) be the first derivative of -d**4/6 + d**3/6 - 3*d + 3. Let o(n) be the first derivative of c(n). What is o(2)?
-6
Let g(l) = 5*l**2 - 5. Let d(z) = -6*z**2 + 6. Let f(r) = 4*d(r) + 5*g(r). What is f(-1)?
0
Let u(k) = 2*k - 1. Let t be ((-3 - -1) + -1)*-1. What is u(t)?
5
Let m(b) = 11*b + 5 + 1 + 1. Let f(h) = -5*h - 3. Let v(q) = -9*f(q) - 4*m(q). What is v(-5)?
-6
Let v(y) = y**2 + 3*y - 3. Let h(s) = 2*s**2 + 4*s - 3. Let i(p) = -2*h(p) + 3*v(p). Let q be ((-3)/9)/((-1)/9). What is i(q)?
-9
Let v(q) = q**2 - 5*q + 3. Let k = -1 + 4. What is v(k)?
-3
Let k(o) = -2*o + 3*o**2 - 4*o**3 + 2*o - 4*o**2. Suppose -5*u = -4*w + 4, 4*u + 1 = -w + 2. What is k(w)?
-5
Let j(p) be the second derivative of p**4/4 - p**3/3 - p**2 - p. Let g be (1/(-3))/(4/(-12)). Let o be 6 - 16/(3 + g). Calculate j(o).
6
Let x(t) be the first derivative of t**2/2 + 5*t + 2. Let m(g) = g + 4. Let j(u) = 3*m(u) - 2*x(u). Give j(3).
5
Let g(d) = 3*d + 1. Let m(u) = -8*u - 3. Let x(w) = 11*g(w) + 4*m(w). Let v(f) = 6*f + 3. Let b(j) = -v(j) + 4*x(j). Calculate b(-5).
3
Let s(t) = -4*t + 113*t**2 - 109*t**2 + 6 - 4. Give s(2).
10
Let x(s) be the second derivative of s + 0 - 1/2*s**3 + 3/2*s**2. Determine x(2).
-3
Let z(f) be the third derivative of 3*f**5/20 + f**4/24 + f**3/6 - 3*f**2. Calculate z(-1).
9
Suppose 0 = -5*s + 5 + 10. Let a be 4/6*(s - 0). Let o(l) = 1 + 6 - a*l - 1. Determine o(5).
-4
Suppose 16*a = 14*a + 2. Let l(p) = -18*p**2 - 2*p + 1. Calculate l(a).
-19
Let i(l) = 1 + 4*l - 2 - 5*l. Let p = -9 - -2. Let z(g) = 3*g + 4. Let n(a) = p*i(a) - 2*z(a). What is n(-3)?
-4
Let n(k) = 7*k + 0*k + 1 + 0*k. Let f be 33/(-7) - 8/28. Let s = f + 4. Determine n(s).
-6
Let i(p) = 4*p - 5. Let l(y) = -7*y + 10. Let u(o) = -5*i(o) - 3*l(o). Let d be ((-7)/(-4))/((-9)/(-36)). Determine u(d).
2
Let x(i) = -1 + 2*i**2 + 0*i**2 - 6*i - 4*i**2. Let o(b) = b**2 - 5*b - 4. Let v be o(6). Suppose v*r + 10 - 2 = 0. Determine x(r).
-9
Let i(b) = -b**3 + b**2 + 6. Let j be 2/2*(-5)/(-5). Let d = -1 + j. Calculate i(d).
6
Let y(t) = 1 + 3*t - 2*t - 3*t + 3*t. Give y(4).
5
Let t(w) = 10*w**3 + 15*w**2 - 23*w - 14. Let o(r) = -7*r**3 - 10*r**2 + 15*r + 9. Let z(x) = -7*o(x) - 5*t(x). Determine z(-6).
-17
Let w = 11 - 6. Let i(f) = -2 + w - f - 5. Calculate i(5).
-7
Let d(w) = -7 - 10*w**2 + 12*w + 9*w**2 - 4*w + 0*w**2. Determine d(6).
5
Let b(k) be the second derivative of k**7/840 - k**6/180 - k**5/20 + k**4/24 - k**3/2 + 2*k. Let h(p) be the second derivative of b(p). Give h(4).
9
Let j(d) = -17 + d**3 + 15 + 4*d - 4*d**2 - 2*d**3. What is j(-5)?
3
Let x(q) = -2*q**2 + 3*q + 6. Let p(h) = -2*h**2 + 3*h + 7. Let j(i) = 5*p(i) - 6*x(i). Determine j(3).
8
Let i be (5/3)/((-20)/(-24)). Let d(a) = -a**2 + 3*a - 3. Give d(i).
-1
Let j(a) = -1. Let c(x) = -x - 7. Let f(k) = c(k) - 5*j(k). Let i = 6 - 12. Let h = i + 8. Calculate f(h).
-4
Let a(y) = -4*y - 15. Let w be a(-5). Let h(u) = -u**2 + 2*u + 6. Calculate h(w).
-9
Suppose 0 = 3*v - 4*v + 4. Let b be 0 + 3 - (-2)/(-2). Let r(z) = 0*z**b + 6 - 5*z + 3*z**2 - 2*z**2. Give r(v).
2
Let a(s) = 1. Let b(g) = -g + 3. Let m(h) = -3*a(h) + b(h). Let i = 8 - 7. Calculate m(i).
-1
Let t(i) = -10*i**3 + i**2 - i. Let p(d) = d. Suppose 2*r = -2*k - 0*r + 12, -2*k = -2*r + 8. Let b be p(k). Determine t(b).
-10
Suppose -2*t = -t. Suppose t = 3*l - 3*x + 3, 3*l = l + 4*x - 4. Let p(n) = n + 7. What is p(l)?
7
Let u(q) = q**2 - 9*q + 15. Let t = 6 + 4. Let r be u(t). Suppose 12*j = 7*j - r. Let y(w) = w**3 + 4*w**2 - 6*w. Calculate y(j).
5
Let j(o) = 5*o - 9. Let d(i) = -i + 2. Let n(m) = 4*d(m) + j(m). Let p(y) = y**3 + 2*y**2 - 5*y - 3. Let q be p(-3). Give n(q).
2
Let c(d) be the third derivative of 0 - 1/8*d**4 - 2/3*d**3 + 2*d**2 + 1/120*d**6 + 0*d - 1/15*d**5. Calculate c(5).
6
Let z be 9 - 3*(-3)/(-9). Let s be z/4 - (-1 - -9). Let q(j) = -j**2 - 9*j - 6. What is q(s)?
12
Let f(n) be the second derivative of n**4/12 + 7*n**3/6 + 3*n**2 - 2*n. Determine f(-6).
0
Let c(o) = o**2 - 2*o - 5. Let u be 5/2*12/6. Suppose u*k - 10 = 10. What is c(k)?
3
Let j(c) = 14*c**3 + 12*c**2 + 8*c - 17. Let x(m) = -5*m**3 - 4*m**2 - 3*m + 6. Let f(k) = -4*j(k) - 11*x(k). Determine f(-4).
-2
Let i(x) be the first derivative of 3*x**2/2 - 3*x + 19. Calculate i(2).
3
Let s(d) = -2*d + 7. Let x be s(5). Let k(w) = w**3 + 3*w**2 + 3*w - 4. Calculate k(x).
-13
Let f(q) = -q - 1. Suppose w + 4 = -2*w - s, 5*w - 2*s = -3. Determine f(w).
0
Let h(a) be the third derivative of 2*a**2 + 0 + 0*a + 1/3*a**3 - 1/12*a**4. Let s be 1/(-2 - 3/(-2)). Determine h(s).
6
Let c = -55 - -57. Let f(d) = -d**3 + d**2 - 2*d. Determine f(c).
-8
Let f(k) be the second derivative of k**3/6 - 4*k**2 + 41*k. Give f(7).
-1
Suppose -5*t = -f, -f - 6 = f - 4*t. Let a(k) = 3 + 3 - k**2 - 2 - 4*k. Determine a(f).
-1
Let f be ((-11)/((-330)/(-12)))/((-2)/10). Let q(l) = -2*l**3 + 3*l**2 - 3*l + 3. What is q(f)?
-7
Let d = -11 + 6. Let b(o) = o**3 + 4*o**2 - 5*o + 2. Calculate b(d).
2
Let z be (-32)/(-6) + (-4)/(-6). Suppose w + 4*w - 4*u = -z, 2*w + 6 = -2*u. Let g(f) be the second derivative of f**3/3 - f**2 + 12*f. What is g(w)?
-6
Let o(d) = -d. Let p(g) = -5*g - 2. Let z(f) = 6*o(f) - p(f). Calculate z(7).
-5
Let t(f) be the second derivative of -f**5/20 - 5*f**4/12 - 2*f**3/3 + f**2/2 + 25*f. Calculate t(-3).
-5
Let c be 0 + (-21)/(-3) - 2. Let a be (-40)/(-12)*6/c. Let s(t) = 3*t**3 - 2*t - 4*t**3 + 1 + a*t**2 - 2*t**2. Calculate s(1).
0
Let p be (-36)/(-8)*4/(-3). Let a(o) = -o**2 - 6*o + 6. What is a(p)?
6
Let h(l) = 2*l - 7. Let r = 132 + -138. Determine h(r).
-19
Let h(p) = -p**3 + p**2 - p. Let z(q) = -7*q**3 + 8*q**2 - 7*q. Let v be (-1 - -2) + 0/2. Let x(w) = v*z(w) - 6*h(w). Calculate x(1).
0
Suppose 3*v - 2*n = -50, 5*n - 8 = -2*v + 3*v. Let l be 4/v + 8/36. Let u be 1 + 0 + 1 - l. Let i(o) = -5*o + 2. What is i(u)?
-8
Suppose -4*m + 5 = -11. Let f(a) = m + 2 - 5 + 2*a. What is f(-3)?
-5
Suppose -8*r - 36 = -2*r. Let w(j) = -3*j**2 + 2*j**2 - 1 - 7*j - 2. What is w(r)?
3
Let x be (-10)/2 - (-4 + 4). Let g(s) = -s + 0 + 4 - 4 - 7. Calculate g(x).
-2
Let p = 11 + -6. Let s(y) be the third derivative of y**4/24 + y**3/3 + 4*y**2. Determine s(p).
7
Let p(h) = h**2 + 2*h - 1. Let c be p(-2). Let u be 3*-2*c/1. Let x(a) = -9 + 6 - 3*a + 13 + 2*a. What is x(u)?
4
Let t(w) = 0*w - 2 + w + 9. Let x(z) = -z**3 + 8*z**2 + 3. Let b be x(8). Suppose -b*q = -q. Determine t(q).
7
Let z(t) be the third deri